{"id":612,"date":"2021-06-18T08:59:00","date_gmt":"2021-06-18T08:59:00","guid":{"rendered":"https:\/\/lilasoi.fr\/index.php\/about\/"},"modified":"2023-09-10T17:04:35","modified_gmt":"2023-09-10T15:04:35","slug":"danse-libre-toulon","status":"publish","type":"page","link":"https:\/\/lilasoi.fr\/index.php\/danse-libre-toulon\/","title":{"rendered":"Danse libre toulon"},"content":{"rendered":"\n<div class=\"wp-block-cover alignfull\"><span aria-hidden=\"true\" class=\"wp-block-cover__background has-ast-global-color-4-background-color has-background-dim-100 has-background-dim\"><\/span><div class=\"wp-block-cover__inner-container is-layout-flow wp-block-cover-is-layout-flow\">\n<div class=\"inherit-container-width wp-block-group is-layout-constrained wp-block-group-is-layout-constrained\"><div class=\"wp-block-group__inner-container\">\n<div class=\"wp-block-columns are-vertically-aligned-center is-layout-flex wp-container-core-columns-is-layout-1 wp-block-columns-is-layout-flex\">\n<div class=\"wp-block-column is-layout-flow wp-block-column-is-layout-flow\">\n<h1 class=\"has-ast-global-color-1-color has-ast-global-color-4-background-color has-text-color has-background wp-block-heading\">Ateliers danse, \u00c9criture<\/h1>\n<\/div>\n<\/div>\n<\/div><\/div>\n<\/div><\/div>\n\n\n\n<h2 class=\"has-text-align-center wp-block-heading\">Danse Intuitive<\/h2>\n\n\n\n<div class=\"wp-block-media-text alignwide has-media-on-the-right is-stacked-on-mobile is-image-fill\" style=\"grid-template-columns:auto 30%\"><div class=\"wp-block-media-text__content\">\n<p>Dansez les yeux ferm\u00e9s, en vous laissant guider par le conte et la musique\u2026 Une exp\u00e9rience Unique!<\/p>\n\n\n\n<p>Apr\u00e8s une <strong>pr\u00e9paration du corps, du souffle et de l&rsquo;esprit, vous \u00eates plong\u00e9s en vous-m\u00eame<\/strong>. Selon les t\u00e9moignages des danseurs : \u00ab\u00a0<em><strong>la danse intuitive<\/strong> est comme un voyage int\u00e9rieur o\u00f9 l\u2019imaginaire rejoint la r\u00e9alit\u00e9 et le corps exprime librement la r\u00e9sonance des sons et des mots<\/em>.\u00a0\u00bb \u00ab\u00a0<em>Chaque danse est une nouvelle aventure, une nouvelle <strong>conqu\u00eate dans la lib\u00e9ration d\u2019un espace int\u00e9rieur <\/strong>qui s\u2019exprime par le corps<\/em>.\u00a0\u00bb \u00ab\u00a0<em>La danse cont\u00e9e me permet un vrai travail et <strong>dialogue avec mes m\u00e9moires<\/strong><\/em>\u00ab\u00a0.                                                 <\/p>\n\n\n\n<p>Les<strong> th\u00e8mes abord\u00e9s <\/strong>sont choisis en fonction de la saison. Ils vous <strong>accompagnent dans votre propre saisonnalit\u00e9.    <\/strong><\/p>\n\n\n\n<p>Rester dans le C\u0153ur, Terrasser le dragon, Polir le caillou jusqu&rsquo;au diamant, L&rsquo;Abandon&#8230;.<\/p>\n\n\n\n<p>Espace n\u00e9cessaire : 3\/4m\u00b2 par danseur<\/p>\n\n\n\n<p>Pr\u00e9voir un tapis, une tenue confortable<\/p>\n\n\n\n<p class=\"has-ast-global-color-0-color has-text-color\">Si tu cliques ici, tu sauras : <a href=\"https:\/\/lilasoi.fr\/index.php\/agenda\/\"><strong>O\u00f9 est le prochain ATELIER <\/strong>?<\/a><\/p>\n<\/div><figure class=\"wp-block-media-text__media\" style=\"background-image:url(https:\/\/lilasoi.fr\/wp-content\/uploads\/2022\/09\/encart-danse-contee.jpg);background-position:50% 50%\"><img loading=\"lazy\" decoding=\"async\" width=\"474\" height=\"360\" src=\"https:\/\/lilasoi.fr\/wp-content\/uploads\/2022\/09\/encart-danse-contee.jpg\" alt=\"\" class=\"wp-image-1184 size-full\" srcset=\"https:\/\/lilasoi.fr\/wp-content\/uploads\/2022\/09\/encart-danse-contee.jpg 474w, https:\/\/lilasoi.fr\/wp-content\/uploads\/2022\/09\/encart-danse-contee-300x228.jpg 300w\" sizes=\"(max-width: 474px) 100vw, 474px\" \/><\/figure><\/div>\n\n\n\n<h2 class=\"has-text-align-center wp-block-heading\">Danse Arch\u00e9type<\/h2>\n\n\n\n<div class=\"wp-block-media-text alignwide is-stacked-on-mobile is-image-fill\" style=\"grid-template-columns:30% auto\"><figure class=\"wp-block-media-text__media\" style=\"background-image:url(https:\/\/lilasoi.fr\/wp-content\/uploads\/2022\/09\/encart-Danse-arc.jpg);background-position:73% 100%\"><img loading=\"lazy\" decoding=\"async\" width=\"354\" height=\"276\" src=\"https:\/\/lilasoi.fr\/wp-content\/uploads\/2022\/09\/encart-Danse-arc.jpg\" alt=\"\" class=\"wp-image-1094 size-full\" srcset=\"https:\/\/lilasoi.fr\/wp-content\/uploads\/2022\/09\/encart-Danse-arc.jpg 354w, https:\/\/lilasoi.fr\/wp-content\/uploads\/2022\/09\/encart-Danse-arc-300x234.jpg 300w\" sizes=\"(max-width: 354px) 100vw, 354px\" \/><\/figure><div class=\"wp-block-media-text__content\">\n<p><strong>La Danse Arch\u00e9type<\/strong> est une exploration int\u00e9rieure, un dialogue entre le f\u00e9minin et le masculin par les m\u00e9dias de l\u2019\u00e9criture, du dessin et\/ou de la danse.<\/p>\n\n\n\n<p>D&rsquo;apr\u00e8s moi, la danse arch\u00e9type permet de pacifier notre relation \u00e0 nous m\u00eame, explorer des facettes de soi, harmoniser des polarit\u00e9s contraires, trouver des solutions originales, aller vers soi, assumer des parts de nous-m\u00eame&#8230; D&rsquo;apr\u00e8s les danseurs, \u00ab\u00a0<em>C\u2019est \u00e0 la fois un stage de d\u00e9veloppement personnel, de cr\u00e9ation artistique, de reconnexion a soi, spirituel. De stage d\u2019\u00e9criture, de confiance en soi et en l\u2019autre, de reconnexion au rituel de sacr\u00e9 et d\u2019abandon \u00e0 l\u2019inconnu.&nbsp;<\/em>\u00ab\u00a0<\/p>\n\n\n\n<p>Espace n\u00e9cessaire : 4m\u00b2 par danseur<\/p>\n\n\n\n<p>Pr\u00e9voir un tapis, un coussin, un pled<\/p>\n\n\n\n<p class=\"has-ast-global-color-0-color has-text-color\">Si tu cliques ici, tu sauras : <strong><a href=\"https:\/\/lilasoi.fr\/index.php\/agenda\/\">O\u00f9 est le Prochain ATELIER ?<\/a><\/strong><\/p>\n<\/div><\/div>\n\n\n\n<h2 class=\"has-text-align-center wp-block-heading\">Atelier d&rsquo;\u00e9criture autour de la Mythologie<\/h2>\n\n\n\n<div class=\"wp-block-media-text alignwide has-media-on-the-right is-stacked-on-mobile is-image-fill\" style=\"grid-template-columns:auto 30%\"><div class=\"wp-block-media-text__content\">\n<p>Red\u00e9couvrez les grandes<strong> figures mythologiques<\/strong> et les messages qu&rsquo;elles nous apportent sur nos exp\u00e9riences quotidiennes. Chaque mois, nous aborderons un mythe de sa naissance \u00e0 sa r\u00e9alisation. Nous cultiverons ensemble ses th\u00e8mes gr\u00e2ce \u00e0 des <strong>outils cr\u00e9atifs <\/strong>(dessins, collages, \u00e9critures&#8230;). Nous pourrons nous saisir des symboles et des th\u00e8mes \u00e9voqu\u00e9s pour nourrir nos \u00e9crits dans une production individuelle et collective. Nous r\u00e9colterons les nombreux fruits de ce partage : <strong>un angle de vue diff\u00e9rent, un besoin de cr\u00e9er assouvi&#8230;<\/strong><\/p>\n\n\n\n<p>Aucune connaissance culturelle ou artistique n&rsquo;ai n\u00e9cessaire ! <\/p>\n\n\n\n<p>Atelier Trimensuel : <strong>les 2e,3e et 4e Lundis<\/strong> de chaque mois de <strong>18h30 \u00e0 20h00<\/strong><\/p>\n\n\n\n<p class=\"has-ast-global-color-0-color has-text-color\">Si tu cliques ici, tu sauras : <a href=\"https:\/\/lilasoi.fr\/index.php\/agenda\/\"><strong>O\u00f9 est le prochain ATELIER <\/strong>?<\/a><\/p>\n<\/div><figure class=\"wp-block-media-text__media\" style=\"background-image:url(https:\/\/lilasoi.fr\/wp-content\/uploads\/2022\/10\/site-amicale-mythe-1024x707.jpg);background-position:50% 50%\"><img loading=\"lazy\" decoding=\"async\" width=\"1024\" height=\"707\" src=\"https:\/\/lilasoi.fr\/wp-content\/uploads\/2022\/10\/site-amicale-mythe-1024x707.jpg\" alt=\"\" class=\"wp-image-1323 size-full\" srcset=\"https:\/\/lilasoi.fr\/wp-content\/uploads\/2022\/10\/site-amicale-mythe-1024x707.jpg 1024w, https:\/\/lilasoi.fr\/wp-content\/uploads\/2022\/10\/site-amicale-mythe-300x207.jpg 300w, https:\/\/lilasoi.fr\/wp-content\/uploads\/2022\/10\/site-amicale-mythe-768x530.jpg 768w, https:\/\/lilasoi.fr\/wp-content\/uploads\/2022\/10\/site-amicale-mythe-1536x1061.jpg 1536w, https:\/\/lilasoi.fr\/wp-content\/uploads\/2022\/10\/site-amicale-mythe.jpg 1654w\" sizes=\"(max-width: 1024px) 100vw, 1024px\" \/><\/figure><\/div>\n\n\n\n<p class=\"has-text-align-center has-ast-global-color-4-color has-ast-global-color-0-background-color has-text-color has-background has-medium-font-size\">DANSE INTUITIVE &#8211; LUNDI 18 SEPTEMBRE 18H\/19H15 &#8211; Plage du M\u00e9rou, HYERES<\/p>\n\n\n\n<p class=\"has-text-align-center has-ast-global-color-4-color has-ast-global-color-0-background-color has-text-color has-background has-medium-font-size\">Voir le programme : <a href=\"https:\/\/lilasoi.fr\/index.php\/agenda\/\" title=\"\">https:\/\/lilasoi.fr\/index.php\/agenda\/<\/a><\/p>\n\n\n\n<p class=\"has-text-align-center has-ast-global-color-0-color has-text-color has-large-font-size\"><strong>Pour suivre toutes les actualit\u00e9s, clic ici :<\/strong><\/p>\n\n\n\n<ul class=\"wp-block-social-links has-huge-icon-size is-content-justification-center is-layout-flex wp-container-core-social-links-is-layout-1 wp-block-social-links-is-layout-flex\"><li class=\"wp-social-link wp-social-link-facebook  wp-block-social-link\"><a href=\"https:\/\/www.facebook.com\/Air-de-1989826371304111\" class=\"wp-block-social-link-anchor\"><svg width=\"24\" height=\"24\" viewBox=\"0 0 24 24\" version=\"1.1\" xmlns=\"http:\/\/www.w3.org\/2000\/svg\" aria-hidden=\"true\" focusable=\"false\"><path d=\"M12 2C6.5 2 2 6.5 2 12c0 5 3.7 9.1 8.4 9.9v-7H7.9V12h2.5V9.8c0-2.5 1.5-3.9 3.8-3.9 1.1 0 2.2.2 2.2.2v2.5h-1.3c-1.2 0-1.6.8-1.6 1.6V12h2.8l-.4 2.9h-2.3v7C18.3 21.1 22 17 22 12c0-5.5-4.5-10-10-10z\"><\/path><\/svg><span class=\"wp-block-social-link-label screen-reader-text\">Facebook<\/span><\/a><\/li><\/ul>\n\n\n\n<div class=\"wp-block-columns is-layout-flex wp-container-core-columns-is-layout-2 wp-block-columns-is-layout-flex\">\n<div class=\"wp-block-column is-layout-flow wp-block-column-is-layout-flow\"><\/div>\n\n\n\n<div class=\"wp-block-column is-layout-flow wp-block-column-is-layout-flow\"><\/div>\n\n\n\n<div class=\"wp-block-column is-layout-flow wp-block-column-is-layout-flow\"><\/div>\n<\/div>\n\n\n\n<div class=\"wp-block-cover alignfull has-parallax\" style=\"min-height:600px;aspect-ratio:unset;\"><span aria-hidden=\"true\" class=\"wp-block-cover__background has-ast-global-color-5-background-color has-background-dim-0 has-background-dim\"><\/span><div class=\"wp-block-cover__inner-container is-layout-flow wp-block-cover-is-layout-flow\">\n<div class=\"wp-block-columns alignwide are-vertically-aligned-center is-layout-flex wp-container-core-columns-is-layout-3 wp-block-columns-is-layout-flex\">\n<div class=\"wp-block-column is-vertically-aligned-center is-layout-flow wp-block-column-is-layout-flow\">\n<div class=\"inherit-container-width wp-block-group has-ast-global-color-5-background-color has-background is-layout-constrained wp-block-group-is-layout-constrained\"><div class=\"wp-block-group__inner-container\">\n<div class=\"inherit-container-width wp-block-group is-layout-constrained wp-block-group-is-layout-constrained\"><div class=\"wp-block-group__inner-container\">\n<h3 class=\"has-text-align-center has-ast-global-color-0-color has-text-color wp-block-heading\">Je crois que chaque \u00eatre est le ma\u00eetre d\u2019\u0153uvre de sa vie&#8230;<\/h3>\n\n\n\n<p class=\"has-text-align-center has-ast-global-color-1-color has-text-color\">En amateur, il t\u00e2tonne, en passant par diff\u00e9rentes phases&nbsp;:<\/p>\n\n\n\n<ul>\n<li>Se connecter \u00e0 son essence (lui demandant souvent l\u2019arr\u00eat du mouvement, le silence\u2026)<\/li>\n\n\n\n<li>Discerner ce qui vibre en lui (l\u2019observation, le ressenti, le plaisir et d\u00e9plaisir \u2026)<\/li>\n\n\n\n<li>Mettre en \u0153uvre cette vibration au travers de son essence (le mouvement)<\/li>\n<\/ul>\n\n\n\n<p class=\"has-text-align-center has-ast-global-color-1-color has-text-color\">La danse est en cela, pour moi, une voie d\u2019exp\u00e9rience<\/p>\n\n\n\n<p class=\"has-text-align-center has-ast-global-color-1-color has-text-color\">Une fois ses diff\u00e9rentes phases reconnues, \u00e0 l\u2019int\u00e9rieur de soi, l\u2019interaction avec d\u2019autres danseurs permet de passer de l\u2019apprentissage, \u00e0 la compr\u00e9hension. La r\u00e9p\u00e9tition de ce rep\u00e9rage int\u00e9rieur permet de rester plus fr\u00e9quemment relier \u00e0 son essence dans le tumulte de la vie.<\/p>\n<\/div><\/div>\n<\/div><\/div>\n<\/div>\n\n\n\n<div class=\"wp-block-column is-vertically-aligned-center is-layout-flow wp-block-column-is-layout-flow\">\n<figure class=\"wp-block-image size-large is-style-rounded\"><img loading=\"lazy\" decoding=\"async\" width=\"1024\" height=\"768\" src=\"https:\/\/lilasoi.fr\/wp-content\/uploads\/2022\/08\/IMG-20220716-WA0001-1024x768.jpg\" alt=\"\" class=\"wp-image-874\" srcset=\"https:\/\/lilasoi.fr\/wp-content\/uploads\/2022\/08\/IMG-20220716-WA0001-1024x768.jpg 1024w, https:\/\/lilasoi.fr\/wp-content\/uploads\/2022\/08\/IMG-20220716-WA0001-300x225.jpg 300w, https:\/\/lilasoi.fr\/wp-content\/uploads\/2022\/08\/IMG-20220716-WA0001-768x576.jpg 768w, https:\/\/lilasoi.fr\/wp-content\/uploads\/2022\/08\/IMG-20220716-WA0001-1536x1152.jpg 1536w, https:\/\/lilasoi.fr\/wp-content\/uploads\/2022\/08\/IMG-20220716-WA0001.jpg 2048w\" sizes=\"(max-width: 1024px) 100vw, 1024px\" \/><\/figure>\n<\/div>\n<\/div>\n<\/div><\/div>\n\n\n\n<div class=\"inherit-container-width wp-block-group alignfull has-ast-global-color-5-background-color has-background is-layout-constrained wp-block-group-is-layout-constrained\"><div class=\"wp-block-group__inner-container\"><\/div><\/div>\n\n\n\n<div class=\"inherit-container-width wp-block-group alignfull has-ast-global-color-0-background-color has-background is-layout-constrained wp-block-group-is-layout-constrained\"><div class=\"wp-block-group__inner-container\">\n<figure class=\"wp-block-gallery alignfull has-nested-images columns-5 wp-block-gallery-1 is-layout-flex wp-block-gallery-is-layout-flex\">\n<figure class=\"wp-block-image size-large\"><img loading=\"lazy\" decoding=\"async\" width=\"1914\" height=\"1384\" src=\"https:\/\/lilasoi.fr\/wp-content\/uploads\/2022\/08\/20201121_185036.jpg\" alt=\"\" class=\"wp-image-861\" srcset=\"https:\/\/lilasoi.fr\/wp-content\/uploads\/2022\/08\/20201121_185036.jpg 1914w, https:\/\/lilasoi.fr\/wp-content\/uploads\/2022\/08\/20201121_185036-300x217.jpg 300w, https:\/\/lilasoi.fr\/wp-content\/uploads\/2022\/08\/20201121_185036-1024x740.jpg 1024w, https:\/\/lilasoi.fr\/wp-content\/uploads\/2022\/08\/20201121_185036-768x555.jpg 768w, https:\/\/lilasoi.fr\/wp-content\/uploads\/2022\/08\/20201121_185036-1536x1111.jpg 1536w\" sizes=\"(max-width: 1914px) 100vw, 1914px\" \/><\/figure>\n\n\n\n<figure class=\"wp-block-image size-large\"><img loading=\"lazy\" decoding=\"async\" width=\"2560\" height=\"1273\" src=\"https:\/\/lilasoi.fr\/wp-content\/uploads\/2022\/08\/20201121_185342-scaled.jpg\" alt=\"\" class=\"wp-image-860\" srcset=\"https:\/\/lilasoi.fr\/wp-content\/uploads\/2022\/08\/20201121_185342-scaled.jpg 2560w, https:\/\/lilasoi.fr\/wp-content\/uploads\/2022\/08\/20201121_185342-300x149.jpg 300w, https:\/\/lilasoi.fr\/wp-content\/uploads\/2022\/08\/20201121_185342-1024x509.jpg 1024w, https:\/\/lilasoi.fr\/wp-content\/uploads\/2022\/08\/20201121_185342-768x382.jpg 768w, https:\/\/lilasoi.fr\/wp-content\/uploads\/2022\/08\/20201121_185342-1536x764.jpg 1536w, https:\/\/lilasoi.fr\/wp-content\/uploads\/2022\/08\/20201121_185342-2048x1019.jpg 2048w\" sizes=\"(max-width: 2560px) 100vw, 2560px\" \/><\/figure>\n\n\n\n<figure class=\"wp-block-image size-large\"><img loading=\"lazy\" decoding=\"async\" width=\"2560\" height=\"2089\" src=\"https:\/\/lilasoi.fr\/wp-content\/uploads\/2022\/08\/20201121_182434-scaled.jpg\" alt=\"\" class=\"wp-image-859\" srcset=\"https:\/\/lilasoi.fr\/wp-content\/uploads\/2022\/08\/20201121_182434-scaled.jpg 2560w, https:\/\/lilasoi.fr\/wp-content\/uploads\/2022\/08\/20201121_182434-300x245.jpg 300w, https:\/\/lilasoi.fr\/wp-content\/uploads\/2022\/08\/20201121_182434-1024x836.jpg 1024w, https:\/\/lilasoi.fr\/wp-content\/uploads\/2022\/08\/20201121_182434-768x627.jpg 768w, https:\/\/lilasoi.fr\/wp-content\/uploads\/2022\/08\/20201121_182434-1536x1254.jpg 1536w, https:\/\/lilasoi.fr\/wp-content\/uploads\/2022\/08\/20201121_182434-2048x1672.jpg 2048w\" sizes=\"(max-width: 2560px) 100vw, 2560px\" \/><\/figure>\n<\/figure>\n<\/div><\/div>\n","protected":false},"excerpt":{"rendered":"<p>Danse Intuitive Dansez les yeux ferm\u00e9s, en vous laissant guider par le conte et la musique\u2026 Une exp\u00e9rience Unique! Apr\u00e8s une pr\u00e9paration du corps, du souffle et de l&rsquo;esprit, vous \u00eates plong\u00e9s en vous-m\u00eame. Selon les t\u00e9moignages des danseurs : \u00ab\u00a0la danse intuitive est comme un voyage int\u00e9rieur o\u00f9 l\u2019imaginaire rejoint la r\u00e9alit\u00e9 et le &hellip;<\/p>\n<p class=\"read-more\"> <a class=\"\" href=\"https:\/\/lilasoi.fr\/index.php\/danse-libre-toulon\/\"> <span class=\"screen-reader-text\">Danse libre toulon<\/span> Lire la suite\u00a0\u00bb<\/a><\/p>\n","protected":false},"author":1,"featured_media":0,"parent":0,"menu_order":0,"comment_status":"closed","ping_status":"closed","template":"","meta":{"_monsterinsights_skip_tracking":false,"_monsterinsights_sitenote_active":false,"_monsterinsights_sitenote_note":"","_monsterinsights_sitenote_category":0,"site-sidebar-layout":"no-sidebar","site-content-layout":"plain-container","ast-global-header-display":"","ast-main-header-display":"","ast-hfb-above-header-display":"","ast-hfb-below-header-display":"","ast-hfb-mobile-header-display":"","site-post-title":"disabled","ast-breadcrumbs-content":"disabled","ast-featured-img":"disabled","footer-sml-layout":"","theme-transparent-header-meta":"enabled","adv-header-id-meta":"","stick-header-meta":"","header-above-stick-meta":"","header-main-stick-meta":"","header-below-stick-meta":"","footnotes":""},"yoast_head":"<!-- This site is optimized with the Yoast SEO plugin v24.5 - https:\/\/yoast.com\/wordpress\/plugins\/seo\/ -->\n<title>Danse libre toulon - lilasoi<\/title>\n<meta name=\"description\" content=\"La danse et les mythes, outils de l&#039;introspection et du partage, trouvent dans ces cercles bienveillants une terre fertile \u00e0 la connaissance de soi.\" \/>\n<meta name=\"robots\" content=\"index, follow, max-snippet:-1, max-image-preview:large, max-video-preview:-1\" \/>\n<link rel=\"canonical\" href=\"https:\/\/lilasoi.fr\/index.php\/danse-libre-toulon\/\" \/>\n<meta property=\"og:locale\" content=\"fr_FR\" \/>\n<meta property=\"og:type\" content=\"article\" \/>\n<meta property=\"og:title\" content=\"Danse libre toulon - lilasoi\" \/>\n<meta property=\"og:description\" content=\"La danse et les mythes, outils de l&#039;introspection et du partage, trouvent dans ces cercles bienveillants une terre fertile \u00e0 la connaissance de soi.\" \/>\n<meta property=\"og:url\" content=\"https:\/\/lilasoi.fr\/index.php\/danse-libre-toulon\/\" \/>\n<meta property=\"og:site_name\" content=\"lilasoi\" \/>\n<meta property=\"article:publisher\" content=\"https:\/\/www.facebook.com\/Air-de-1989826371304111\" \/>\n<meta property=\"article:modified_time\" content=\"2023-09-10T15:04:35+00:00\" \/>\n<meta property=\"og:image\" content=\"https:\/\/lilasoi.fr\/wp-content\/uploads\/2022\/09\/encart-danse-contee.jpg\" \/>\n<meta name=\"twitter:card\" content=\"summary_large_image\" \/>\n<meta name=\"twitter:label1\" content=\"Dur\u00e9e de lecture estim\u00e9e\" \/>\n\t<meta name=\"twitter:data1\" content=\"5 minutes\" \/>\n<script type=\"application\/ld+json\" class=\"yoast-schema-graph\">{\"@context\":\"https:\/\/schema.org\",\"@graph\":[{\"@type\":\"WebPage\",\"@id\":\"https:\/\/lilasoi.fr\/index.php\/danse-libre-toulon\/\",\"url\":\"https:\/\/lilasoi.fr\/index.php\/danse-libre-toulon\/\",\"name\":\"Danse libre toulon - lilasoi\",\"isPartOf\":{\"@id\":\"https:\/\/lilasoi.fr\/#website\"},\"primaryImageOfPage\":{\"@id\":\"https:\/\/lilasoi.fr\/index.php\/danse-libre-toulon\/#primaryimage\"},\"image\":{\"@id\":\"https:\/\/lilasoi.fr\/index.php\/danse-libre-toulon\/#primaryimage\"},\"thumbnailUrl\":\"https:\/\/lilasoi.fr\/wp-content\/uploads\/2022\/09\/encart-danse-contee.jpg\",\"datePublished\":\"2021-06-18T08:59:00+00:00\",\"dateModified\":\"2023-09-10T15:04:35+00:00\",\"description\":\"La danse et les mythes, outils de l'introspection et du partage, trouvent dans ces cercles bienveillants une terre fertile \u00e0 la connaissance de soi.\",\"breadcrumb\":{\"@id\":\"https:\/\/lilasoi.fr\/index.php\/danse-libre-toulon\/#breadcrumb\"},\"inLanguage\":\"fr-FR\",\"potentialAction\":[{\"@type\":\"ReadAction\",\"target\":[\"https:\/\/lilasoi.fr\/index.php\/danse-libre-toulon\/\"]}]},{\"@type\":\"ImageObject\",\"inLanguage\":\"fr-FR\",\"@id\":\"https:\/\/lilasoi.fr\/index.php\/danse-libre-toulon\/#primaryimage\",\"url\":\"https:\/\/lilasoi.fr\/wp-content\/uploads\/2022\/09\/encart-danse-contee.jpg\",\"contentUrl\":\"https:\/\/lilasoi.fr\/wp-content\/uploads\/2022\/09\/encart-danse-contee.jpg\",\"width\":474,\"height\":360},{\"@type\":\"BreadcrumbList\",\"@id\":\"https:\/\/lilasoi.fr\/index.php\/danse-libre-toulon\/#breadcrumb\",\"itemListElement\":[{\"@type\":\"ListItem\",\"position\":1,\"name\":\"Accueil\",\"item\":\"https:\/\/lilasoi.fr\/\"},{\"@type\":\"ListItem\",\"position\":2,\"name\":\"Danse libre toulon\"}]},{\"@type\":\"WebSite\",\"@id\":\"https:\/\/lilasoi.fr\/#website\",\"url\":\"https:\/\/lilasoi.fr\/\",\"name\":\"lilasoi\",\"description\":\"\",\"publisher\":{\"@id\":\"https:\/\/lilasoi.fr\/#organization\"},\"potentialAction\":[{\"@type\":\"SearchAction\",\"target\":{\"@type\":\"EntryPoint\",\"urlTemplate\":\"https:\/\/lilasoi.fr\/?s={search_term_string}\"},\"query-input\":{\"@type\":\"PropertyValueSpecification\",\"valueRequired\":true,\"valueName\":\"search_term_string\"}}],\"inLanguage\":\"fr-FR\"},{\"@type\":\"Organization\",\"@id\":\"https:\/\/lilasoi.fr\/#organization\",\"name\":\"lilasoi\",\"url\":\"https:\/\/lilasoi.fr\/\",\"logo\":{\"@type\":\"ImageObject\",\"inLanguage\":\"fr-FR\",\"@id\":\"https:\/\/lilasoi.fr\/#\/schema\/logo\/image\/\",\"url\":\"https:\/\/lilasoi.fr\/wp-content\/uploads\/2023\/03\/Logo25-fusion-10x10-1.png\",\"contentUrl\":\"https:\/\/lilasoi.fr\/wp-content\/uploads\/2023\/03\/Logo25-fusion-10x10-1.png\",\"width\":787,\"height\":787,\"caption\":\"lilasoi\"},\"image\":{\"@id\":\"https:\/\/lilasoi.fr\/#\/schema\/logo\/image\/\"},\"sameAs\":[\"https:\/\/www.facebook.com\/Air-de-1989826371304111\",\"https:\/\/www.facebook.com\/search\/top?q=lilasoi\"]}]}<\/script>\n<!-- \/ Yoast SEO plugin. -->","yoast_head_json":{"title":"Danse libre toulon - lilasoi","description":"La danse et les mythes, outils de l'introspection et du partage, trouvent dans ces cercles bienveillants une terre fertile \u00e0 la connaissance de soi.","robots":{"index":"index","follow":"follow","max-snippet":"max-snippet:-1","max-image-preview":"max-image-preview:large","max-video-preview":"max-video-preview:-1"},"canonical":"https:\/\/lilasoi.fr\/index.php\/danse-libre-toulon\/","og_locale":"fr_FR","og_type":"article","og_title":"Danse libre toulon - lilasoi","og_description":"La danse et les mythes, outils de l'introspection et du partage, trouvent dans ces cercles bienveillants une terre fertile \u00e0 la connaissance de soi.","og_url":"https:\/\/lilasoi.fr\/index.php\/danse-libre-toulon\/","og_site_name":"lilasoi","article_publisher":"https:\/\/www.facebook.com\/Air-de-1989826371304111","article_modified_time":"2023-09-10T15:04:35+00:00","og_image":[{"url":"https:\/\/lilasoi.fr\/wp-content\/uploads\/2022\/09\/encart-danse-contee.jpg","type":"","width":"","height":""}],"twitter_card":"summary_large_image","twitter_misc":{"Dur\u00e9e de lecture estim\u00e9e":"5 minutes"},"schema":{"@context":"https:\/\/schema.org","@graph":[{"@type":"WebPage","@id":"https:\/\/lilasoi.fr\/index.php\/danse-libre-toulon\/","url":"https:\/\/lilasoi.fr\/index.php\/danse-libre-toulon\/","name":"Danse libre toulon - lilasoi","isPartOf":{"@id":"https:\/\/lilasoi.fr\/#website"},"primaryImageOfPage":{"@id":"https:\/\/lilasoi.fr\/index.php\/danse-libre-toulon\/#primaryimage"},"image":{"@id":"https:\/\/lilasoi.fr\/index.php\/danse-libre-toulon\/#primaryimage"},"thumbnailUrl":"https:\/\/lilasoi.fr\/wp-content\/uploads\/2022\/09\/encart-danse-contee.jpg","datePublished":"2021-06-18T08:59:00+00:00","dateModified":"2023-09-10T15:04:35+00:00","description":"La danse et les mythes, outils de l'introspection et du partage, trouvent dans ces cercles bienveillants une terre fertile \u00e0 la connaissance de soi.","breadcrumb":{"@id":"https:\/\/lilasoi.fr\/index.php\/danse-libre-toulon\/#breadcrumb"},"inLanguage":"fr-FR","potentialAction":[{"@type":"ReadAction","target":["https:\/\/lilasoi.fr\/index.php\/danse-libre-toulon\/"]}]},{"@type":"ImageObject","inLanguage":"fr-FR","@id":"https:\/\/lilasoi.fr\/index.php\/danse-libre-toulon\/#primaryimage","url":"https:\/\/lilasoi.fr\/wp-content\/uploads\/2022\/09\/encart-danse-contee.jpg","contentUrl":"https:\/\/lilasoi.fr\/wp-content\/uploads\/2022\/09\/encart-danse-contee.jpg","width":474,"height":360},{"@type":"BreadcrumbList","@id":"https:\/\/lilasoi.fr\/index.php\/danse-libre-toulon\/#breadcrumb","itemListElement":[{"@type":"ListItem","position":1,"name":"Accueil","item":"https:\/\/lilasoi.fr\/"},{"@type":"ListItem","position":2,"name":"Danse libre toulon"}]},{"@type":"WebSite","@id":"https:\/\/lilasoi.fr\/#website","url":"https:\/\/lilasoi.fr\/","name":"lilasoi","description":"","publisher":{"@id":"https:\/\/lilasoi.fr\/#organization"},"potentialAction":[{"@type":"SearchAction","target":{"@type":"EntryPoint","urlTemplate":"https:\/\/lilasoi.fr\/?s={search_term_string}"},"query-input":{"@type":"PropertyValueSpecification","valueRequired":true,"valueName":"search_term_string"}}],"inLanguage":"fr-FR"},{"@type":"Organization","@id":"https:\/\/lilasoi.fr\/#organization","name":"lilasoi","url":"https:\/\/lilasoi.fr\/","logo":{"@type":"ImageObject","inLanguage":"fr-FR","@id":"https:\/\/lilasoi.fr\/#\/schema\/logo\/image\/","url":"https:\/\/lilasoi.fr\/wp-content\/uploads\/2023\/03\/Logo25-fusion-10x10-1.png","contentUrl":"https:\/\/lilasoi.fr\/wp-content\/uploads\/2023\/03\/Logo25-fusion-10x10-1.png","width":787,"height":787,"caption":"lilasoi"},"image":{"@id":"https:\/\/lilasoi.fr\/#\/schema\/logo\/image\/"},"sameAs":["https:\/\/www.facebook.com\/Air-de-1989826371304111","https:\/\/www.facebook.com\/search\/top?q=lilasoi"]}]}},"_links":{"self":[{"href":"https:\/\/lilasoi.fr\/index.php\/wp-json\/wp\/v2\/pages\/612"}],"collection":[{"href":"https:\/\/lilasoi.fr\/index.php\/wp-json\/wp\/v2\/pages"}],"about":[{"href":"https:\/\/lilasoi.fr\/index.php\/wp-json\/wp\/v2\/types\/page"}],"author":[{"embeddable":true,"href":"https:\/\/lilasoi.fr\/index.php\/wp-json\/wp\/v2\/users\/1"}],"replies":[{"embeddable":true,"href":"https:\/\/lilasoi.fr\/index.php\/wp-json\/wp\/v2\/comments?post=612"}],"version-history":[{"count":71,"href":"https:\/\/lilasoi.fr\/index.php\/wp-json\/wp\/v2\/pages\/612\/revisions"}],"predecessor-version":[{"id":1422,"href":"https:\/\/lilasoi.fr\/index.php\/wp-json\/wp\/v2\/pages\/612\/revisions\/1422"}],"wp:attachment":[{"href":"https:\/\/lilasoi.fr\/index.php\/wp-json\/wp\/v2\/media?parent=612"}],"curies":[{"name":"wp","href":"https:\/\/api.w.org\/{rel}","templated":true}]}}