{"id":1023,"date":"2022-09-02T19:25:06","date_gmt":"2022-09-02T17:25:06","guid":{"rendered":"https:\/\/lilasoi.fr\/?page_id=1023"},"modified":"2023-10-31T13:46:25","modified_gmt":"2023-10-31T11:46:25","slug":"agenda","status":"publish","type":"page","link":"https:\/\/lilasoi.fr\/index.php\/agenda\/","title":{"rendered":"Agenda Sortir \u00e0 toulon Hy\u00e8res"},"content":{"rendered":"\n<div class=\"wp-block-media-text alignfull has-media-on-the-right is-stacked-on-mobile is-vertically-aligned-center\" style=\"grid-template-columns:auto 45%\"><div class=\"wp-block-media-text__content\">\n<h3 class=\"has-text-align-center has-text-color has-large-font-size wp-block-heading\" style=\"color:#000000\"><a href=\"https:\/\/lilasoi.fr\/index.php\/danse-libre-toulon\/\">Danse Intuitive<\/a><\/h3>\n\n\n\n<p class=\"has-text-align-center\">Entre la Danse Libre et le Voyage Int\u00e9rieur, La danse intuitive permet une <strong>exploration libre de son propre mouvement<\/strong>.<\/p>\n\n\n\n<p class=\"has-text-align-center has-medium-font-size\">En Plein Air : 10 \u20ac l&rsquo;atelier d&rsquo;une heure et demie<\/p>\n\n\n\n<p class=\"has-text-align-center\">Pour s&rsquo;inscrire, suivez le lien :<\/p>\n\n\n\n<p class=\"has-text-align-center has-ast-global-color-0-color has-text-color\"><a href=\"https:\/\/forms.gle\/p9pBFEdLj9wSRAxc8\"><mark style=\"background-color:rgba(0, 0, 0, 0)\" class=\"has-inline-color has-ast-global-color-0-color\">Fiche de R\u00e9s<\/mark><\/a><a href=\"https:\/\/forms.gle\/p9pBFEdLj9wSRAxc8\" target=\"_blank\" rel=\"noreferrer noopener\"><mark style=\"background-color:rgba(0, 0, 0, 0)\" class=\"has-inline-color has-ast-global-color-0-color\">ervation<\/mark><\/a><\/p>\n<\/div><figure class=\"wp-block-media-text__media\"><img loading=\"lazy\" decoding=\"async\" width=\"1024\" height=\"682\" src=\"https:\/\/lilasoi.fr\/wp-content\/uploads\/2023\/10\/fin-dannee-2023-1024x682.jpg\" alt=\"\" class=\"wp-image-1437 size-full\" srcset=\"https:\/\/lilasoi.fr\/wp-content\/uploads\/2023\/10\/fin-dannee-2023-1024x682.jpg 1024w, https:\/\/lilasoi.fr\/wp-content\/uploads\/2023\/10\/fin-dannee-2023-300x200.jpg 300w, https:\/\/lilasoi.fr\/wp-content\/uploads\/2023\/10\/fin-dannee-2023-768x512.jpg 768w, https:\/\/lilasoi.fr\/wp-content\/uploads\/2023\/10\/fin-dannee-2023.jpg 1280w\" sizes=\"(max-width: 1024px) 100vw, 1024px\" \/><\/figure><\/div>\n\n\n\n<div class=\"wp-block-media-text alignfull has-media-on-the-right is-stacked-on-mobile is-vertically-aligned-center\" style=\"grid-template-columns:auto 45%\"><div class=\"wp-block-media-text__content\">\n<h3 class=\"has-text-align-center has-text-color has-large-font-size wp-block-heading\" style=\"color:#000000\"><a href=\"https:\/\/lilasoi.fr\/index.php\/danse-libre-toulon\/\">Danse Intuitive<\/a><\/h3>\n\n\n\n<p class=\"has-text-align-center\">Entre la Danse Libre et le Voyage Int\u00e9rieur, La danse intuitive permet une <strong>exploration libre de son propre mouvement<\/strong>. <\/p>\n\n\n\n<p class=\"has-text-align-center\">Parfois dans sa bulle, parfois en grande connexion aux autres, on navigue sans jugement. Cette pratique d\u2019expression spontan\u00e9e est <strong>ouverte \u00e0 tous<\/strong>, quels que soient votre condition physique, votre \u00e2ge, ou votre exp\u00e9rience ou inexp\u00e9rience de la danse.<\/p>\n\n\n\n<p class=\"has-text-align-center has-small-font-size\">Apr\u00e8s une pr\u00e9paration du corps, du souffle et de l\u2019esprit, vous \u00eates plong\u00e9s en vous-m\u00eame.<\/p>\n\n\n\n<p class=\"has-text-align-center has-small-font-size\">C\u2019est un temps pour&nbsp;se relier \u00e0 son essence en restant en lien avec l\u2019environnement&nbsp;; d\u00e9nouer les tensions physiques, \u00e9motionnelles, mentales&nbsp;; aller \u00e0 son rythme&nbsp;; contacter ses sens, son \u00e9tat d\u2019\u00eatre et son \u00e9tat d\u2019\u00e2me&nbsp;; se d\u00e9faire du savoir-faire&nbsp;; s\u2019accorder&nbsp;; s\u2019accorder de l\u2019espace<\/p>\n\n\n\n<p class=\"has-text-align-center has-medium-font-size\">En Salle : 12 \u20ac l&rsquo;atelier d&rsquo;une heure<\/p>\n\n\n\n<p class=\"has-text-align-center\">Pour s&rsquo;inscrire, suivez le lien :<\/p>\n\n\n\n<p class=\"has-text-align-center has-ast-global-color-0-color has-text-color\"><a href=\"https:\/\/forms.gle\/p9pBFEdLj9wSRAxc8\"><mark style=\"background-color:rgba(0, 0, 0, 0)\" class=\"has-inline-color has-ast-global-color-0-color\">Fiche de R\u00e9s<\/mark><\/a><a href=\"https:\/\/forms.gle\/p9pBFEdLj9wSRAxc8\" target=\"_blank\" rel=\"noreferrer noopener\"><mark style=\"background-color:rgba(0, 0, 0, 0)\" class=\"has-inline-color has-ast-global-color-0-color\">ervation<\/mark><\/a><\/p>\n<\/div><figure class=\"wp-block-media-text__media\"><img loading=\"lazy\" decoding=\"async\" width=\"683\" height=\"1024\" src=\"https:\/\/lilasoi.fr\/wp-content\/uploads\/2023\/10\/debut-2024-1-683x1024.jpg\" alt=\"\" class=\"wp-image-1442 size-full\" srcset=\"https:\/\/lilasoi.fr\/wp-content\/uploads\/2023\/10\/debut-2024-1-683x1024.jpg 683w, https:\/\/lilasoi.fr\/wp-content\/uploads\/2023\/10\/debut-2024-1-200x300.jpg 200w, https:\/\/lilasoi.fr\/wp-content\/uploads\/2023\/10\/debut-2024-1-768x1152.jpg 768w, https:\/\/lilasoi.fr\/wp-content\/uploads\/2023\/10\/debut-2024-1-1024x1536.jpg 1024w, https:\/\/lilasoi.fr\/wp-content\/uploads\/2023\/10\/debut-2024-1-1365x2048.jpg 1365w, https:\/\/lilasoi.fr\/wp-content\/uploads\/2023\/10\/debut-2024-1.jpg 1500w\" sizes=\"(max-width: 683px) 100vw, 683px\" \/><\/figure><\/div>\n\n\n\n<div class=\"wp-block-media-text alignfull has-media-on-the-right is-stacked-on-mobile is-vertically-aligned-center\" style=\"grid-template-columns:auto 45%\"><div class=\"wp-block-media-text__content\">\n<h3 class=\"has-text-align-center has-text-color has-large-font-size wp-block-heading\" style=\"color:#000000\">Marelle de Conte<a href=\"#\">s <\/a><\/h3>\n\n\n\n<p class=\"has-text-align-center has-medium-font-size\"><strong>Mercredi 25 Janvier de 16h \u00e0 18h<\/strong><\/p>\n\n\n\n<p class=\"has-text-align-center has-medium-font-size\"><strong> \u00e0 L&rsquo;Amarre &#8211; Toulon<\/strong><\/p>\n\n\n\n<p class=\"has-text-align-center\">Autour d&rsquo;un atelier Parent-Enfant, jouons \u00e0 nous raconter des histoires, \u00e0 les transformer. Capes ou pas Capes ?<\/p>\n<\/div><figure class=\"wp-block-media-text__media\"><img loading=\"lazy\" decoding=\"async\" width=\"473\" height=\"360\" src=\"https:\/\/lilasoi.fr\/wp-content\/uploads\/2022\/12\/encart-marelle.jpg\" alt=\"\" class=\"wp-image-1357 size-full\" srcset=\"https:\/\/lilasoi.fr\/wp-content\/uploads\/2022\/12\/encart-marelle.jpg 473w, https:\/\/lilasoi.fr\/wp-content\/uploads\/2022\/12\/encart-marelle-300x228.jpg 300w\" sizes=\"(max-width: 473px) 100vw, 473px\" \/><\/figure><\/div>\n\n\n\n<div class=\"wp-block-media-text alignfull has-media-on-the-right is-stacked-on-mobile is-vertically-aligned-center\" style=\"grid-template-columns:auto 45%\"><div class=\"wp-block-media-text__content\">\n<h3 class=\"has-text-align-center has-text-color has-large-font-size wp-block-heading\" style=\"color:#000000\">Atelier \u00ab\u00a0Bulle d&rsquo;Air\u00a0\u00bb<\/h3>\n\n\n\n<p class=\"has-text-align-center\" style=\"font-size:25px\"><strong>Les lundis 17h,17h30, 18h. <\/strong><\/p>\n\n\n\n<p class=\"has-text-align-center\" style=\"font-size:25px\">8 av Eisenhower &#8211; Hy\u00e8res <\/p>\n<\/div><figure class=\"wp-block-media-text__media\"><img loading=\"lazy\" decoding=\"async\" width=\"474\" height=\"360\" src=\"https:\/\/lilasoi.fr\/wp-content\/uploads\/2022\/09\/encart-respi-fusion.jpg\" alt=\"\" class=\"wp-image-1186 size-full\" srcset=\"https:\/\/lilasoi.fr\/wp-content\/uploads\/2022\/09\/encart-respi-fusion.jpg 474w, https:\/\/lilasoi.fr\/wp-content\/uploads\/2022\/09\/encart-respi-fusion-300x228.jpg 300w\" sizes=\"(max-width: 474px) 100vw, 474px\" \/><\/figure><\/div>\n\n\n","protected":false},"excerpt":{"rendered":"<p>Danse Intuitive Entre la Danse Libre et le Voyage Int\u00e9rieur, La danse intuitive permet une exploration libre de son propre mouvement. En Plein Air : 10 \u20ac l&rsquo;atelier d&rsquo;une heure et demie Pour s&rsquo;inscrire, suivez le lien : Fiche de R\u00e9servation Danse Intuitive Entre la Danse Libre et le Voyage Int\u00e9rieur, La danse intuitive permet &hellip;<\/p>\n<p class=\"read-more\"> <a class=\"\" href=\"https:\/\/lilasoi.fr\/index.php\/agenda\/\"> <span class=\"screen-reader-text\">Agenda Sortir \u00e0 toulon Hy\u00e8res<\/span> Lire la suite\u00a0\u00bb<\/a><\/p>\n","protected":false},"author":1,"featured_media":0,"parent":0,"menu_order":0,"comment_status":"closed","ping_status":"closed","template":"","meta":{"_monsterinsights_skip_tracking":false,"_monsterinsights_sitenote_active":false,"_monsterinsights_sitenote_note":"","_monsterinsights_sitenote_category":0,"site-sidebar-layout":"default","site-content-layout":"default","ast-global-header-display":"","ast-main-header-display":"","ast-hfb-above-header-display":"","ast-hfb-below-header-display":"","ast-hfb-mobile-header-display":"","site-post-title":"disabled","ast-breadcrumbs-content":"","ast-featured-img":"","footer-sml-layout":"","theme-transparent-header-meta":"","adv-header-id-meta":"","stick-header-meta":"","header-above-stick-meta":"","header-main-stick-meta":"","header-below-stick-meta":"","footnotes":""},"yoast_head":"<!-- This site is optimized with the Yoast SEO plugin v24.5 - https:\/\/yoast.com\/wordpress\/plugins\/seo\/ -->\n<title>Agenda Sortir \u00e0 toulon Hy\u00e8res - lilasoi<\/title>\n<meta name=\"description\" content=\"Les dates des prochains ateliers de Danse Intuitive, Respiration, Relaxation de L&#039;\u00eele \u00e0 Soi \u00e0 Toulon, dans le 83 et ailleurs sont ici. Venez les d\u00e9couvrir !\" \/>\n<meta name=\"robots\" content=\"index, follow, max-snippet:-1, max-image-preview:large, max-video-preview:-1\" \/>\n<link rel=\"canonical\" href=\"https:\/\/lilasoi.fr\/index.php\/agenda\/\" \/>\n<meta property=\"og:locale\" content=\"fr_FR\" \/>\n<meta property=\"og:type\" content=\"article\" \/>\n<meta property=\"og:title\" content=\"Agenda Sortir \u00e0 toulon Hy\u00e8res - lilasoi\" \/>\n<meta property=\"og:description\" content=\"Les dates des prochains ateliers de Danse Intuitive, Respiration, Relaxation de L&#039;\u00eele \u00e0 Soi \u00e0 Toulon, dans le 83 et ailleurs sont ici. Venez les d\u00e9couvrir !\" \/>\n<meta property=\"og:url\" content=\"https:\/\/lilasoi.fr\/index.php\/agenda\/\" \/>\n<meta property=\"og:site_name\" content=\"lilasoi\" \/>\n<meta property=\"article:publisher\" content=\"https:\/\/www.facebook.com\/Air-de-1989826371304111\" \/>\n<meta property=\"article:modified_time\" content=\"2023-10-31T11:46:25+00:00\" \/>\n<meta property=\"og:image\" content=\"https:\/\/lilasoi.fr\/wp-content\/uploads\/2023\/10\/fin-dannee-2023-1024x682.jpg\" \/>\n<meta name=\"twitter:card\" content=\"summary_large_image\" \/>\n<meta name=\"twitter:label1\" content=\"Dur\u00e9e de lecture estim\u00e9e\" \/>\n\t<meta name=\"twitter:data1\" content=\"2 minutes\" \/>\n<script type=\"application\/ld+json\" class=\"yoast-schema-graph\">{\"@context\":\"https:\/\/schema.org\",\"@graph\":[{\"@type\":\"WebPage\",\"@id\":\"https:\/\/lilasoi.fr\/index.php\/agenda\/\",\"url\":\"https:\/\/lilasoi.fr\/index.php\/agenda\/\",\"name\":\"Agenda Sortir \u00e0 toulon Hy\u00e8res - lilasoi\",\"isPartOf\":{\"@id\":\"https:\/\/lilasoi.fr\/#website\"},\"primaryImageOfPage\":{\"@id\":\"https:\/\/lilasoi.fr\/index.php\/agenda\/#primaryimage\"},\"image\":{\"@id\":\"https:\/\/lilasoi.fr\/index.php\/agenda\/#primaryimage\"},\"thumbnailUrl\":\"https:\/\/lilasoi.fr\/wp-content\/uploads\/2023\/10\/fin-dannee-2023-1024x682.jpg\",\"datePublished\":\"2022-09-02T17:25:06+00:00\",\"dateModified\":\"2023-10-31T11:46:25+00:00\",\"description\":\"Les dates des prochains ateliers de Danse Intuitive, Respiration, Relaxation de L'\u00eele \u00e0 Soi \u00e0 Toulon, dans le 83 et ailleurs sont ici. Venez les d\u00e9couvrir !\",\"breadcrumb\":{\"@id\":\"https:\/\/lilasoi.fr\/index.php\/agenda\/#breadcrumb\"},\"inLanguage\":\"fr-FR\",\"potentialAction\":[{\"@type\":\"ReadAction\",\"target\":[\"https:\/\/lilasoi.fr\/index.php\/agenda\/\"]}]},{\"@type\":\"ImageObject\",\"inLanguage\":\"fr-FR\",\"@id\":\"https:\/\/lilasoi.fr\/index.php\/agenda\/#primaryimage\",\"url\":\"https:\/\/lilasoi.fr\/wp-content\/uploads\/2023\/10\/fin-dannee-2023.jpg\",\"contentUrl\":\"https:\/\/lilasoi.fr\/wp-content\/uploads\/2023\/10\/fin-dannee-2023.jpg\",\"width\":1280,\"height\":853},{\"@type\":\"BreadcrumbList\",\"@id\":\"https:\/\/lilasoi.fr\/index.php\/agenda\/#breadcrumb\",\"itemListElement\":[{\"@type\":\"ListItem\",\"position\":1,\"name\":\"Accueil\",\"item\":\"https:\/\/lilasoi.fr\/\"},{\"@type\":\"ListItem\",\"position\":2,\"name\":\"Agenda Sortir \u00e0 toulon Hy\u00e8res\"}]},{\"@type\":\"WebSite\",\"@id\":\"https:\/\/lilasoi.fr\/#website\",\"url\":\"https:\/\/lilasoi.fr\/\",\"name\":\"lilasoi\",\"description\":\"\",\"publisher\":{\"@id\":\"https:\/\/lilasoi.fr\/#organization\"},\"potentialAction\":[{\"@type\":\"SearchAction\",\"target\":{\"@type\":\"EntryPoint\",\"urlTemplate\":\"https:\/\/lilasoi.fr\/?s={search_term_string}\"},\"query-input\":{\"@type\":\"PropertyValueSpecification\",\"valueRequired\":true,\"valueName\":\"search_term_string\"}}],\"inLanguage\":\"fr-FR\"},{\"@type\":\"Organization\",\"@id\":\"https:\/\/lilasoi.fr\/#organization\",\"name\":\"lilasoi\",\"url\":\"https:\/\/lilasoi.fr\/\",\"logo\":{\"@type\":\"ImageObject\",\"inLanguage\":\"fr-FR\",\"@id\":\"https:\/\/lilasoi.fr\/#\/schema\/logo\/image\/\",\"url\":\"https:\/\/lilasoi.fr\/wp-content\/uploads\/2023\/03\/Logo25-fusion-10x10-1.png\",\"contentUrl\":\"https:\/\/lilasoi.fr\/wp-content\/uploads\/2023\/03\/Logo25-fusion-10x10-1.png\",\"width\":787,\"height\":787,\"caption\":\"lilasoi\"},\"image\":{\"@id\":\"https:\/\/lilasoi.fr\/#\/schema\/logo\/image\/\"},\"sameAs\":[\"https:\/\/www.facebook.com\/Air-de-1989826371304111\",\"https:\/\/www.facebook.com\/search\/top?q=lilasoi\"]}]}<\/script>\n<!-- \/ Yoast SEO plugin. -->","yoast_head_json":{"title":"Agenda Sortir \u00e0 toulon Hy\u00e8res - lilasoi","description":"Les dates des prochains ateliers de Danse Intuitive, Respiration, Relaxation de L'\u00eele \u00e0 Soi \u00e0 Toulon, dans le 83 et ailleurs sont ici. Venez les d\u00e9couvrir !","robots":{"index":"index","follow":"follow","max-snippet":"max-snippet:-1","max-image-preview":"max-image-preview:large","max-video-preview":"max-video-preview:-1"},"canonical":"https:\/\/lilasoi.fr\/index.php\/agenda\/","og_locale":"fr_FR","og_type":"article","og_title":"Agenda Sortir \u00e0 toulon Hy\u00e8res - lilasoi","og_description":"Les dates des prochains ateliers de Danse Intuitive, Respiration, Relaxation de L'\u00eele \u00e0 Soi \u00e0 Toulon, dans le 83 et ailleurs sont ici. Venez les d\u00e9couvrir !","og_url":"https:\/\/lilasoi.fr\/index.php\/agenda\/","og_site_name":"lilasoi","article_publisher":"https:\/\/www.facebook.com\/Air-de-1989826371304111","article_modified_time":"2023-10-31T11:46:25+00:00","og_image":[{"url":"https:\/\/lilasoi.fr\/wp-content\/uploads\/2023\/10\/fin-dannee-2023-1024x682.jpg","type":"","width":"","height":""}],"twitter_card":"summary_large_image","twitter_misc":{"Dur\u00e9e de lecture estim\u00e9e":"2 minutes"},"schema":{"@context":"https:\/\/schema.org","@graph":[{"@type":"WebPage","@id":"https:\/\/lilasoi.fr\/index.php\/agenda\/","url":"https:\/\/lilasoi.fr\/index.php\/agenda\/","name":"Agenda Sortir \u00e0 toulon Hy\u00e8res - lilasoi","isPartOf":{"@id":"https:\/\/lilasoi.fr\/#website"},"primaryImageOfPage":{"@id":"https:\/\/lilasoi.fr\/index.php\/agenda\/#primaryimage"},"image":{"@id":"https:\/\/lilasoi.fr\/index.php\/agenda\/#primaryimage"},"thumbnailUrl":"https:\/\/lilasoi.fr\/wp-content\/uploads\/2023\/10\/fin-dannee-2023-1024x682.jpg","datePublished":"2022-09-02T17:25:06+00:00","dateModified":"2023-10-31T11:46:25+00:00","description":"Les dates des prochains ateliers de Danse Intuitive, Respiration, Relaxation de L'\u00eele \u00e0 Soi \u00e0 Toulon, dans le 83 et ailleurs sont ici. Venez les d\u00e9couvrir !","breadcrumb":{"@id":"https:\/\/lilasoi.fr\/index.php\/agenda\/#breadcrumb"},"inLanguage":"fr-FR","potentialAction":[{"@type":"ReadAction","target":["https:\/\/lilasoi.fr\/index.php\/agenda\/"]}]},{"@type":"ImageObject","inLanguage":"fr-FR","@id":"https:\/\/lilasoi.fr\/index.php\/agenda\/#primaryimage","url":"https:\/\/lilasoi.fr\/wp-content\/uploads\/2023\/10\/fin-dannee-2023.jpg","contentUrl":"https:\/\/lilasoi.fr\/wp-content\/uploads\/2023\/10\/fin-dannee-2023.jpg","width":1280,"height":853},{"@type":"BreadcrumbList","@id":"https:\/\/lilasoi.fr\/index.php\/agenda\/#breadcrumb","itemListElement":[{"@type":"ListItem","position":1,"name":"Accueil","item":"https:\/\/lilasoi.fr\/"},{"@type":"ListItem","position":2,"name":"Agenda Sortir \u00e0 toulon Hy\u00e8res"}]},{"@type":"WebSite","@id":"https:\/\/lilasoi.fr\/#website","url":"https:\/\/lilasoi.fr\/","name":"lilasoi","description":"","publisher":{"@id":"https:\/\/lilasoi.fr\/#organization"},"potentialAction":[{"@type":"SearchAction","target":{"@type":"EntryPoint","urlTemplate":"https:\/\/lilasoi.fr\/?s={search_term_string}"},"query-input":{"@type":"PropertyValueSpecification","valueRequired":true,"valueName":"search_term_string"}}],"inLanguage":"fr-FR"},{"@type":"Organization","@id":"https:\/\/lilasoi.fr\/#organization","name":"lilasoi","url":"https:\/\/lilasoi.fr\/","logo":{"@type":"ImageObject","inLanguage":"fr-FR","@id":"https:\/\/lilasoi.fr\/#\/schema\/logo\/image\/","url":"https:\/\/lilasoi.fr\/wp-content\/uploads\/2023\/03\/Logo25-fusion-10x10-1.png","contentUrl":"https:\/\/lilasoi.fr\/wp-content\/uploads\/2023\/03\/Logo25-fusion-10x10-1.png","width":787,"height":787,"caption":"lilasoi"},"image":{"@id":"https:\/\/lilasoi.fr\/#\/schema\/logo\/image\/"},"sameAs":["https:\/\/www.facebook.com\/Air-de-1989826371304111","https:\/\/www.facebook.com\/search\/top?q=lilasoi"]}]}},"_links":{"self":[{"href":"https:\/\/lilasoi.fr\/index.php\/wp-json\/wp\/v2\/pages\/1023"}],"collection":[{"href":"https:\/\/lilasoi.fr\/index.php\/wp-json\/wp\/v2\/pages"}],"about":[{"href":"https:\/\/lilasoi.fr\/index.php\/wp-json\/wp\/v2\/types\/page"}],"author":[{"embeddable":true,"href":"https:\/\/lilasoi.fr\/index.php\/wp-json\/wp\/v2\/users\/1"}],"replies":[{"embeddable":true,"href":"https:\/\/lilasoi.fr\/index.php\/wp-json\/wp\/v2\/comments?post=1023"}],"version-history":[{"count":60,"href":"https:\/\/lilasoi.fr\/index.php\/wp-json\/wp\/v2\/pages\/1023\/revisions"}],"predecessor-version":[{"id":1443,"href":"https:\/\/lilasoi.fr\/index.php\/wp-json\/wp\/v2\/pages\/1023\/revisions\/1443"}],"wp:attachment":[{"href":"https:\/\/lilasoi.fr\/index.php\/wp-json\/wp\/v2\/media?parent=1023"}],"curies":[{"name":"wp","href":"https:\/\/api.w.org\/{rel}","templated":true}]}}